56)/(-21) - (8/(-28))/1. Calculate the greatest common factor of a and 55.
11
Let i be -1 + 1 - (-5 + 7). Let a be 2*(3 + (-9)/i). What is the highest common divisor of a and 3?
3
Let p be (-5 - -3) + (14 - 0). What is the greatest common divisor of 48 and p?
12
Let f(h) = h**3 - 5*h**2 + 3*h + 4. Let x be f(3). Let g = 29 - x. Calculate the greatest common divisor of 85 and g.
17
Let v(i) = 2*i + 1. Let q be v(1). Suppose 2*z = 1 + q. Suppose 0 = -2*l + 3*p - z, -4*l - l + p = -21. Calculate the highest common factor of l and 5.
5
Let q(a) = a**2 - 16*a - 52. Let x be q(-8). What is the highest common factor of 20 and x?
20
Let x(g) = g + 1. Let s be x(7). Calculate the highest common divisor of s and 40.
8
Let g(x) = x - 15. Let o be g(7). Let t be 4/o*4 + 29. Calculate the highest common factor of t and 27.
27
Let j(w) = w**2 + 5*w + 3. Let p be j(-5). Suppose -3 = 3*q - p*f, 20 - 8 = -2*q - 3*f. Let h = q + 5. What is the highest common factor of 5 and h?
1
Let y = 0 - -8. Let r = -21 + 10. Let m = r - -83. Calculate the highest common divisor of m and y.
8
Let d = 130 + -88. What is the greatest common factor of 7 and d?
7
Let o(v) be the second derivative of 7*v**5/10 - v**4/3 + v**3/6 + v**2 - 4*v. Let f be o(2). Calculate the greatest common factor of f and 10.
10
Suppose -3*v + 5*v + 4*x + 2 = 0, -3*x - 6 = 0. Calculate the highest common factor of v and 1.
1
Let o be ((-4)/12)/((-3)/126). What is the greatest common factor of o and 14?
14
Let d be (55*(4 - 5))/(-1). Let u = d + -29. What is the greatest common factor of 39 and u?
13
Let q be 216/84*14/3. Calculate the highest common divisor of q and 6.
6
Let t be 1*(1 - (-1 - -1)). Calculate the greatest common divisor of 1 and t.
1
Let l(i) = -i**2 + 4*i + 5. Let c be l(5). Suppose c*u = -u + 12. What is the greatest common divisor of 12 and u?
12
Let k = -7 + 11. Let b be 9/4*((-1)/3 + 3). Calculate the highest common divisor of b and k.
2
Suppose -6*s + 2*s = 72. Let o = s + 54. Let y be (-3)/(3 - 0)*(-18)/3. What is the highest common divisor of o and y?
6
Let z be (-1 - -14) + (2 - 1). Suppose -p + 0*p - 2*h = 2, 5*p - 2*h - z = 0. Let o be 8*p - (1 + -1). Calculate the highest common divisor of 24 and o.
8
Let i = -42 - -105. Calculate the greatest common divisor of 7 and i.
7
Let b(w) = 3*w**2 - 2*w + 4. Let h be b(-5). Let y = h + 100. What is the greatest common factor of y and 21?
21
Let z(b) = 8*b**3 + 3*b**2 + 3*b + 1. Let m(a) = a**3 - 7*a**2 + a - 4. Let x be m(7). Let u be z(x). What is the highest common divisor of 23 and u?
23
Let m(z) = -2*z - 2. Let x be m(-3). Let r be 1*x/(-4) + 41. Calculate the greatest common factor of r and 100.
20
Let j(z) be the third derivative of 5*z**4/3 + 5*z**3/6 - z**2. Let g be j(4). Calculate the greatest common divisor of g and 15.
15
Let n be 336/10 - (-2)/5. Suppose -5*w = 3*c - 91, 2*w - 2*c + 38 = 4*w. What is the highest common divisor of w and n?
17
Let w be (-1)/2*840/(-10). What is the highest common divisor of 28 and w?
14
Let a = 8 + 3. Let f = -148 + 170. What is the greatest common factor of a and f?
11
Suppose 5*h + 2*p = 158, -4*h - p - 88 = -215. What is the highest common divisor of 4 and h?
4
Suppose 0*c + 2*c + 10 = 0. Let t be (-726)/((c - 3)/4). Calculate the greatest common divisor of t and 33.
33
Suppose 5*g + 5*v - 295 = 0, g - 3*v + 32 - 107 = 0. What is the highest common factor of 21 and g?
21
Let m = -17 - -29. What is the highest common divisor of 12 and m?
12
Let n(g) = g**3 - 6*g**2 + 7*g - 6. Let p be n(5). Suppose 5*i - p = 1. What is the highest common divisor of i and 2?
1
Let i(t) = -t**3 + 7*t**2 + 2*t - 8. Let k be i(6). Let x be k/3 - 2/(-3). Calculate the highest common factor of x and 35.
7
Suppose 0*x = -x + 24. Let g be ((-6)/25)/(5/25)*-30. What is the highest common factor of x and g?
12
Let y be 6/(-12) - 113/(-2). Let d be 12/2 + 1 + 1. Calculate the greatest common divisor of y and d.
8
Let o(r) = -r**3 - 4*r**2 - 4*r + 1. Let d be o(-3). Let n = -12 + 30. Suppose -3*b + 54 = -n. Calculate the highest common divisor of d and b.
4
Let k = 326 - 119. Let r be 2 - (2 - (25 - 2)). Calculate the highest common divisor of r and k.
23
Suppose -i + 3*o + 12 = 0, 3*i + o = -2*o - 12. Suppose -228 = -3*q - i*q. Calculate the greatest common divisor of q and 19.
19
Suppose -4 = -3*c + 17. What is the greatest common divisor of 14 and c?
7
Let c = -78 + 85. What is the greatest common factor of c and 56?
7
Suppose 76*y - 78*y + 22 = 0. What is the highest common factor of 110 and y?
11
Let m be (-16)/(-72) + 97/9. Calculate the highest common divisor of 44 and m.
11
Let s be -4 + 46 + 4 - -3 - -3. Calculate the highest common factor of 364 and s.
52
Let k = 12 + -4. Let y be (3 - (-1)/1) + (-27 - -21). Let o = y + k. What is the highest common factor of 12 and o?
6
Suppose 2*c - 34 = 30. Calculate the greatest common factor of c and 80.
16
Let w be (0 + -6)/(6/(-4)). What is the highest common factor of w and 2?
2
Suppose 6 = -c + 19. Suppose -5*u - 2*w + 210 = 0, 169 - c = 4*u + 4*w. Let j(t) = 2*t**2 + t - 4. Let f be j(-3). What is the highest common factor of u and f?
11
Let x(u) = u**2 - 4*u - 4. Let f be x(5). What is the highest common divisor of 5 and f?
1
Suppose -t = -17*t + 720. What is the greatest common factor of t and 15?
15
Suppose 20 = 5*t - t. Suppose -3*u = -t*u + 4. Let f = -9 + 31. Calculate the greatest common factor of f and u.
2
Let a be 0*2/4 + 33. Suppose 8 = -y - 5*v, 2 = 4*y + v + 2*v. Suppose y*u = -u + a. What is the highest common factor of 1 and u?
1
Let d(i) = 3*i + 10. Let a be d(-3). Calculate the greatest common factor of 1 and a.
1
Let y = -1 + 3. Suppose -k + 4*f + 110 = 0, -4*f = y*k - 277 + 9. Let v(o) = 2*o**2 - 13*o - 39. Let j be v(-3). What is the greatest common divisor of j and k?
18
Let n = 52 + -10. Let m(x) = 14*x**3 + x**2 - x. Let u be m(1). Calculate the greatest common factor of u and n.
14
Let j(w) = -8*w - 9. Let x be j(-6). Let v be (0 + (-4)/(-6))/((-3)/(-117)). Calculate the highest common factor of v and x.
13
Let o(d) be the second derivative of d**4/6 - 2*d**3/3 - d**2/2 - 2*d. Let l be o(3). What is the highest common divisor of l and 10?
5
Let u(o) = 2*o**2 + 3*o + 3. Let m be u(-2). Let t = 10 + -5. Suppose -q - 3*p = -5, t*q - p - 10 = 3*q. What is the highest common factor of q and m?
5
Let j(u) = u**2 - u - 15. Let l be j(0). Let a be (-138)/l + (-2)/10. Calculate the greatest common divisor of a and 63.
9
Suppose -24 - 10 = -4*x - 2*p, 0 = 3*x - p - 33. Let n(h) = 10*h**2 + h - 1. Let r be n(1). What is the greatest common divisor of r and x?
10
Suppose u - d = 3, -d + 1 = -2*u + 3. Suppose w - 2*w + 2 = 0. Let c be ((-20)/w)/(u/2). Calculate the highest common factor of c and 10.
10
Let q be (216/(-4))/(-1 + -1). Calculate the greatest common divisor of 81 and q.
27
Let b = 33 + -18. Suppose -64 = 2*y + 30. Let v = 58 - y. What is the highest common divisor of v and b?
15
Let h be (42/9)/(-2)*-6. Suppose f - 2 = h. Calculate the highest common divisor of f and 8.
8
Let l be (-4)/(-5)*(-15)/(-6). Calculate the greatest common divisor of l and 22.
2
Suppose 0 = -0*w + w - 140. Let i = 35 - 21. Let h = w - i. What is the highest common factor of 14 and h?
14
Let q be 4/(-6) + (-2 - (-268)/6). Suppose 2 = x - 4. What is the highest common factor of q and x?
6
Let y be (-122)/(-4) + -1 + 15/6. What is the greatest common divisor of 48 and y?
16
Let c(t) = 2*t - 10. Let s be c(9). Calculate the greatest common factor of s and 20.
4
Suppose -4*x + 0 = -q + 25, 3*x - 105 = -3*q. Let y be 2/4*4 - 4. Let k(j) = j**3 + 3*j**2 - 1. Let z be k(y). Calculate the greatest common factor of z and q.
3
Let g = 134 + -89. Calculate the highest common divisor of 18 and g.
9
Let f be ((-1)/1)/(620/156 + -4). What is the greatest common factor of 52 and f?
13
Let n = -7 + 10. Let w be n - 1/(3/(-27)). Calculate the greatest common divisor of 30 and w.
6
Let q = 117 + -69. Calculate the greatest common factor of q and 6.
6
Let a(w) = -w**3 + w**2 + w - 1. Let u be a(1). Let b = 4 - u. Suppose 5*n = 3*c + 229, -2*c + 173 = b*n - c. Calculate the highest common factor of 4 and n.
4
Let l(z) = z**2 - 2*z - 3. Let q be l(-2). Suppose 421 = q*h - 54. W